u**2. What is the units digit of f(0)?
1
What is the units digit of 77 + 96/30 + 1/(-5)?
0
Suppose 0*u + 2 = 3*u + 2*f, 0 = u - f + 1. Let x be (2 + 2 - 0) + u. What is the units digit of 1*9 - 12/x?
6
Let l(d) = 2*d**2 - 5*d - 11. Suppose k + 25 = 5*v + 2*k, 2*v - 5*k - 37 = 0. What is the units digit of l(v)?
1
Let i = -1 - -3. Suppose 0 = -2*r - i*c + 12, 3*c = 4*r - 5 - 5. Suppose 4*y = -4*m + r + 4, -12 = -3*y + 3*m. What is the units digit of y?
3
Let g = 7 + -9. What is the tens digit of -1*2/(g/17)?
1
Let b(g) = -g**2 - 9*g + 14. Let i be b(-10). Suppose y = -i*y + 45. What is the units digit of y?
9
Let a(c) = 9*c**3 + 2*c**2 - 4*c + 2. What is the units digit of a(2)?
4
Let m(z) = -2*z + 4. Let y(q) = 2*q**2 - 2*q. Let h be y(2). Let f be m(h). What is the units digit of 5 + f - (-1 - 5)?
7
Let j(m) = 2*m - m**2 - m + 3 - 2*m**3 - 2. Suppose 4*l = -l - 10. What is the tens digit of j(l)?
1
Suppose -168*b + 166*b = -704. What is the tens digit of b?
5
Let f(t) = -13*t - 7. What is the units digit of f(-3)?
2
Let s = 20 - 14. Suppose 0*d - 25 = -3*d - 2*v, 4*v + s = 2*d. What is the units digit of d?
7
Let x(c) = -c + 1. Let v be x(0). Let s = 2 - v. What is the units digit of s?
1
What is the tens digit of 8/6*(-10 + 3 - -67)?
8
Suppose 3367 = 9*v + 4*v. What is the tens digit of v?
5
Suppose -6 = 2*k - 5*k. Let s = 4 - k. Suppose -s*y = 1 - 3. What is the units digit of y?
1
Suppose -4 = -r - 2*o - 1, -o = -4*r + 48. What is the tens digit of r?
1
Suppose -3*s = -s. Let n = 0 - -1. Let r = n + s. What is the units digit of r?
1
Suppose 3*w - 34 = 14. What is the tens digit of w?
1
Let k(b) = -b - 3*b + b - 9. What is the units digit of k(-6)?
9
Let h = -1 + 14. Let o = h + -24. Let r = -5 - o. What is the units digit of r?
6
Suppose 2*w - 57 = 9. What is the tens digit of w?
3
Let b = -14 - -8. Let n be (-46)/(-14) + b/21. Let c = 5 + n. What is the units digit of c?
8
Suppose -4 + 56 = c. Suppose 5*x + 3*w - 159 = c, 5*w = 4*x - 191. What is the units digit of x?
4
Let d(v) = 0 - 26*v**3 + 25*v**3 + 10*v - 11*v**2 - 7. What is the units digit of d(-12)?
7
Suppose 123 = 3*m - 309. What is the hundreds digit of m?
1
Let s(z) = -z + 2. Let m be s(6). Let f = 6 + m. What is the units digit of f?
2
Let d = -15 + 26. What is the tens digit of d?
1
Let z(j) = -j**3 + j**2 + j + 1. Let r(s) = s**3 - 12*s**2 - 15*s - 16. Let p(u) = -r(u) - 2*z(u). What is the units digit of p(-8)?
8
Let c(u) be the third derivative of -u**5/60 + u**4/4 - 7*u**3/6 - 2*u**2. Let l be c(5). What is the units digit of ((-1)/l)/((-2)/(-20))?
5
What is the tens digit of (-15)/(-5) + (73 - 0)?
7
Let w(y) = 49*y - 7. What is the hundreds digit of w(4)?
1
Suppose -5*m + 102 - 12 = 0. Suppose 5*b = 4*b + m. Suppose -3*u + 6*u = b. What is the units digit of u?
6
Suppose 4*g - 62 = -3*o, -2*o + 0*o + 47 = 3*g. Let n be 64/10 - 12/30. Let h = g - n. What is the units digit of h?
1
What is the tens digit of ((-35)/(-10))/(3/366 + 0)?
2
Suppose -23 = -5*d + 2*o, -4*d + 10 = -5*o - 5. Suppose -4*g + 11 = -d*f, -3*f - 2*f = -2*g + 3. Let n = 5 + f. What is the units digit of n?
6
Suppose -2*m + 10 + 36 = 0. What is the units digit of m?
3
Let p = -123 - -177. What is the tens digit of p?
5
Let m be 3/(10/3 + -3). Let i be 3/(-9) + 93/m. Let p = -4 + i. What is the units digit of p?
6
Let w = 25 - 53. Let y = -7 - w. Suppose 5*j = 24 + y. What is the units digit of j?
9
Let w(a) = 2*a**2 - 10*a + 20. What is the tens digit of w(6)?
3
Suppose 801 = 4*k + 5*k. What is the units digit of k?
9
Let b(r) = -r**2 + 8*r - 7. Let x be b(5). Suppose -3*q = -22 - x. What is the tens digit of q?
1
Let w(m) = -m + 14. Let k be w(10). Suppose -2*p + 28 = k*n, 5*p + 21 = 1. What is the units digit of n?
9
Let f(t) = 3*t**2 + 6. What is the tens digit of f(-3)?
3
Let k = -47 - -68. What is the tens digit of k?
2
Let u(w) = w**2 - 3*w. What is the units digit of u(8)?
0
What is the units digit of 6/(-3) + (-22)/(-2)?
9
Suppose 0*y + 105 = 2*a + 5*y, a - 3*y = 58. What is the units digit of a?
5
Suppose q = -0*q + 44. Let g = -8 + q. What is the tens digit of g?
3
Let f = 3 + 14. What is the tens digit of f?
1
Let n(l) = l**2 + 3*l + 14. What is the tens digit of n(5)?
5
Let y(t) = t**2 - 5*t - 8. Let a be y(8). Let d(r) = -r**3 + 15*r**2 + 19*r - 11. What is the tens digit of d(a)?
3
Suppose 0 = 2*u - g - 8, 2*u - 11 = -3*u - 2*g. Suppose 18 = u*z - 3. What is the units digit of z?
7
Let j(v) = -15*v - 28. Let y(q) = 5*q + 9. Let k(s) = 4*j(s) + 11*y(s). What is the tens digit of k(-5)?
1
Let c be -1 - (-2 + 1/(-1)). Suppose c*j = -j + 5*s - 9, 5*s = -3*j + 21. Suppose -q + 28 = 4*i, 3*i - j*i - 7 = -5*q. What is the units digit of i?
7
Let u = 67 - 39. Suppose 0 = 7*p - 3*p - u. Let k = -4 + p. What is the units digit of k?
3
Let y(f) = -10*f**3 + 2*f**2 - 1. Suppose 0 = u + 2*u + 3. What is the tens digit of y(u)?
1
Let k = 42 + -8. What is the tens digit of k?
3
Let j(s) = s**2 - 3*s - 12. What is the tens digit of j(8)?
2
Let j be (12/(-10))/(8/(-60)). Let b = j - 1. What is the units digit of b?
8
Let p be -1*10*4/(-5). Suppose -5*x = p + 2. What is the units digit of (0 + -2)*1/x?
1
Suppose 4*h - t = 19, h - 4*t - 16 = -0*h. What is the units digit of h?
4
Let z = 6 - 6. Let o(w) = z - 1 + 3*w**2 + 2*w - 3*w. What is the tens digit of o(-2)?
1
Let h = -172 - -243. What is the units digit of h?
1
Let d(q) = -10 - 3*q - 6*q - q + q**3 + 7*q**2. Let z be d(-8). Suppose w = z*w - 45. What is the units digit of w?
9
Suppose -485 = 10*h - 2705. What is the tens digit of h?
2
Suppose 8*j - 22 = 3*j - b, -3*j = 3*b - 18. What is the units digit of 5 + (-2 - -4 - j)?
3
Let v(o) = -19*o**3 - 2*o**2 + o + 2. What is the units digit of v(-1)?
8
Let v = 986 + -662. What is the hundreds digit of v?
3
Let h(j) = -2*j - 15. Let u be h(-10). Suppose 4*d + u*z = 3*z + 18, d = -2*z. What is the units digit of d?
6
Suppose 4*t + 10 + 4 = 2*n, -n + t = -6. Suppose 5 + n = 5*a. What is the units digit of -1*a - -6 - 0?
4
Let j(n) = 30*n**2 - 5*n + 5. What is the tens digit of j(1)?
3
Suppose 2*f - 5*u = 8 + 3, 4*u = -4. Suppose o - 9 = -f. What is the units digit of o?
6
Suppose 0*v + 3*v = 33. What is the units digit of v + 1 + -3 + 0?
9
Let l = 0 - 7. What is the units digit of 0 - (l + 0/(-3))?
7
Suppose o = 2 + 3. Suppose -2*s - 42 = -o*s. What is the units digit of s?
4
Suppose 0 = 10*b - 12*b + 170. What is the units digit of b?
5
Let j(l) = 19*l**2 + l. Let i be j(-1). Let c be 10/25 - i/(-5). Suppose 0 = -c*r + 53 + 15. What is the units digit of r?
7
Suppose 3*l = -0*l + 2*y - 110, 5*l = 3*y - 183. Let d = l - -66. Let b = d - 19. What is the tens digit of b?
1
Suppose -3*g - x + 24 = -5, -x = -5*g + 35. Let k(q) = -q**3 + 8*q**2 - q + 10. Let h be k(g). Suppose h*s - 3 = s. What is the units digit of s?
3
Let d(z) = z**2 - 8*z + 33. What is the tens digit of d(12)?
8
Let z(v) be the third derivative of -v**6/120 + v**5/20 + v**4/6 - v**3 - 2*v**2. Let n be z(4). What is the units digit of (n/18)/((-1)/3)?
1
Let g be 164/(-6)*18/(-12). Let h = g - 16. What is the tens digit of h?
2
Suppose -3 = v - 1. Let f = 9 + v. What is the units digit of ((-11)/3)/(f/(-21))?
1
What is the tens digit of 144 - ((-10)/2 + 3)?
4
Suppose 2*h = 7*h - 5. Let k = -7 + 11. What is the units digit of (-82)/(-8) - h/k?
0
Suppose j = -5*o - 0 - 4, o = 0. What is the units digit of ((-6)/j)/((-1)/(-6))?
9
Suppose 2*i - 3 = -i. Let q be 26/5 + (-3)/15. Let u = i + q. What is the units digit of u?
6
Suppose 2*t + 6 = 2. Let r(s) = -s**3 + s**2 + 2*s + 1. Let n be r(t). Suppose 3*d + 0*u - n = u, -4*d + 5 = u. What is the units digit of d?
2
Let b(a) = -a - 2. Let r(j) = -j**2 + 0*j**3 - j**3 - 5 - j + 2*j**3. Let t be r(0). What is the units digit of b(t)?
3
Let m be (-2)/7 - 120/(-28). Suppose 5*h + 2*y - 18 = 0, -2*h + 2*y + 6 = m*y. What is the units digit of h?
4
Let d(k) = k - 2. Let c be d(5). Suppose -n - 21 = 3*o - 8*o, -2*n = -c*o + 7. Suppose -2*f - 18 = -4*x + 3*x, -o*x = 4*f - 34. What is the units digit of x?
0
Let a(w) = w**2 + 2*w - 3. Let k be a(2). Suppose -4*v - 2*r = -12, -k*r = -4*v - 4*r. What is the units digit of v?
1
Let f(w) = -w**3 + 3*w**2 + 4*w + 4. Let b(j) = -3 + 2 - j + 2. Let d be b(-3). 